**3 - 9*o**2 - 10*o - 9. Suppose 2*j = 5*i + 3*j - 49, 4*i - 43 = 3*j. Determine n(i).
-9
Let q(j) = 2*j**3 + 3*j**2 - 4*j + 3. Let z(f) = -f**3 + f**2. Let a(u) = q(u) + 3*z(u). Suppose 19*m = 20*m - 35. Let p = m + -30. What is a(p)?
8
Let m(a) = 6*a**2 + a + 1. Let h = -120 + 119. Let i be m(h). Let r(d) = -d**2 + 6*d - 9. Determine r(i).
-9
Let g(i) be the second derivative of -i**5/20 - i**4/4 - i**3/2 + i**2 - 12*i. Suppose -77 = 29*d + 10. Calculate g(d).
11
Let r(o) = -1 + 0*o - 5*o + 4*o. Let z = -104 + 112. Suppose 4*i - 4*w = -i + 4, -i + 3*w - z = 0. Give r(i).
-5
Let o(r) = -6*r - 4. Let z be o(-2). Let j(i) = i**2 - 16 + z - 5*i + 15. Calculate j(5).
7
Let t be -2 + 2 - (3 - 2)*-3. Let j(f) = -f - t*f**2 + 0*f - 3*f**3 - 2 - 2*f + 4*f**3. Give j(4).
2
Let m(p) = -6*p. Suppose -2*b + 9 = 5. Suppose 5*w = 3*w - b*q + 4, w - 14 = -5*q. Let d be m(w). Let k(n) = n**2 - 8*n + 6. Determine k(d).
-6
Let v(s) be the first derivative of 1 + 0 + 2 - 2*s + s**2. Suppose -4*g + 9*g = -10. What is v(g)?
-6
Let x(o) = o**3 + 9*o**2 + 8*o + 3. Let s = -5 + 3. Let l be (-2)/(s/((-40)/5)). Give x(l).
3
Suppose -4*f - 28 = -4*c, 17 = -0*c + 3*c + f. Let w(b) = 42*b + 3 - 90*b + 49*b - 5. Determine w(c).
4
Let l(z) be the second derivative of z**4/6 - z**3/6 - z**2/2 + z. Suppose 4*r - 5 = 3*g, 16*g - 14*g = r. Give l(r).
5
Let m(j) = -3*j**2 - 11*j - 1. Let u(f) = -4*f**2 - 16*f - 1. Let d(z) = -z**2 - 19*z - 11. Let w be d(-18). Let g(r) = w*m(r) - 5*u(r). Give g(2).
0
Let r(p) be the third derivative of -p**4/8 - p**3 + 31*p**2 + 3. Calculate r(-3).
3
Let m(u) = -u**3 - 7*u**2 - 6*u + 5. Let h(s) = 2*s**2 + 66*s + 80. Let t be h(-32). Suppose 2*f - 10 = f. Let c = f - t. What is m(c)?
5
Let q(n) = 65*n**2 - 7*n**2 + 9 + n - 56*n**2 + n**3. What is q(-3)?
-3
Let j(u) = -u - 5. Let b(p) = p + 1. Let v(i) = -b(i) + j(i). Let d = 114 + -121. Give v(d).
8
Let z(y) be the second derivative of 0*y**2 + 5/6*y**3 + 0 - 34*y. Determine z(-1).
-5
Let m(v) = -4*v - 3. Let s be ((-8)/(-6))/((-10)/(-15)). Suppose -3*h + 4*q = 22, -6*q = -h - s*q - 18. Give m(h).
5
Let p be (-6)/33 - 70/(-22). Suppose -3 + 6 = p*l. Let t(b) = 2*b + 4*b**2 - 889 + 888 - b**2. What is t(l)?
4
Let d = 1 - 0. Let q(p) = -d + 5 - 2*p**2 - 2 - 3*p**2. Let m = 235 - 237. Give q(m).
-18
Let b(c) = c**3 - 10*c**2 + 7*c + 4. Let m(w) = 45*w + 324. Let p be m(-7). Give b(p).
-14
Let o(w) = -4*w + 47. Let v(h) = 11*h**3 + 2*h**2 + 2*h - 3. Let m be v(1). Give o(m).
-1
Let i(a) = -a**2 - 5*a + 8. Let l be i(-6). Let j(z) be the second derivative of 3*z**3/2 - 137*z. Determine j(l).
18
Let b(k) = -9 - 8 + 3*k + 18. Give b(4).
13
Let p = -249 + 252. Let q(x) = -3*x + 7. Calculate q(p).
-2
Let u(x) be the second derivative of 7*x**3/6 - x**2/2 + 230*x. Determine u(5).
34
Suppose 5*l = 4*a - 8, 3*l - 8*a = -3*a - 10. Let q(y) = y**2 + 24. What is q(l)?
24
Let n(g) = g**2 + g - 2*g**3 + 8*g**3 - 16 - 5*g**3. Suppose 4*p - 1 - 7 = 0. Suppose 0 = -v + v - p*v. Calculate n(v).
-16
Let m(l) = 11 + 0*l - 1 - 2*l + l. What is m(-8)?
18
Let y(c) = -c**3 + 7*c**2 - 5*c - 8. Let k be y(6). Let t(r) = r - 1. Let v(b) = 3 + 6 - 8. Let l(h) = k*t(h) - 3*v(h). Give l(-1).
1
Let g(u) be the second derivative of -u**4/12 - 7*u**3/6 + 176*u. Calculate g(-4).
12
Let f(v) = -v**2 + 4*v + 7. Let x(s) = 3*s - 12. Suppose -4*l - 3*i + 15 = 0, -9 = 5*l + 3*i - 30. Let g be x(l). What is f(g)?
-5
Let f(p) = -2*p**3 - p**2 + p + 1. Let a(n) = n**2 - 6*n + 3. Let u be a(7). Suppose u = 22*c - 17*c. Give f(c).
-17
Suppose 4*s - n - n = 14, -2*n - 16 = -5*s. Suppose -4*x - 16 = -4, -3*l + 12 = x. Let p(j) = -l*j + j - s + 2*j. Give p(2).
-6
Suppose -4*f - p + 2*p - 101 = 0, 5*f + 121 = 3*p. Let j = -28 - f. Let k(a) = -1. Let z(r) = 2*r. Let l(w) = 2*k(w) - z(w). Determine l(j).
2
Let s(l) = l**3 - 7*l**2 + 7*l - 4. Suppose -9*x + 216 = 27*x. What is s(x)?
2
Let l = -5 - -9. Let p(g) be the first derivative of g + 1/4*g**4 + 1/2*g**2 + 3 - 4/3*g**3. What is p(l)?
5
Let z(i) = -i**2 - 5*i - 5. Suppose -5*w - 4*y = -13, -y - 2 = -3*w - w. Let s be (w/(-3))/((-9)/54). Suppose -s*x - 7 = 1. Calculate z(x).
-1
Let m(x) = -x**2 - 12*x - 42. Let s be m(-6). Let a(u) = -u**2 - 5*u + 12. Determine a(s).
6
Let g(f) = 3 - 2 + 3 + 3*f + 2 - 7. Suppose -2*q - j - 14 = 3*j, -21 = 5*q + 3*j. What is g(q)?
-10
Let s(k) = -2*k**2 - 7*k + 1. Let d(f) = 90*f + 265. Let g be d(-3). What is s(g)?
-14
Let b(h) = -3*h**3 + 2*h**2 + 32*h - 2. Let m(x) = -x**3 + x**2 + 11*x - 1. Let u(q) = 6*b(q) - 17*m(q). Determine u(-6).
11
Let v(n) = -n**2 - 8*n - 7. Let g(p) = p**3 + 6*p**2 - 5*p + 10. Let c be g(-7). Let u(x) = -2*x**2 - 15*x - 14. Let y(r) = c*u(r) + 9*v(r). Determine y(-10).
13
Suppose -2*m = -4 + 12. Let p be (-11)/(-9) + m/18. Let y(z) = -2 + p + 4*z + 2 + 0. Give y(-1).
-3
Let y(m) = -11*m**2 - 6*m - 5. Let b(f) = -5*f**2 - 3*f - 2. Let z be (1 - -1)*(-27)/6. Let k(i) = z*b(i) + 4*y(i). Determine k(-2).
-4
Let g(c) = 500*c**3 - 499*c**3 + 7 + 10 - c**2. Determine g(0).
17
Let s(a) = 12*a - 29. Let o(c) = 57*c - 144. Let l(v) = 5*o(v) - 24*s(v). Calculate l(-7).
-3
Let p(k) be the second derivative of -k**5/20 - 7*k**4/12 - 7*k**3/6 - 5*k**2/2 + 2*k + 6. Calculate p(-6).
1
Let o(i) = 1 + 236*i + 1 - 235*i. Let w be ((-10)/(-25))/(2/(-10)). Calculate o(w).
0
Let z be (-7)/49 + 39/(-21). Let g(w) be the second derivative of -w**2 + 0 + w + 1/4*w**4 - 1/6*w**3. Determine g(z).
12
Suppose -63 = -2*k - y, 4*k - 53 - 72 = -3*y. Let h = k - 30. Suppose h = -0*i - i. Let s(j) = j**3 + 2*j + 2. What is s(i)?
-10
Let w be ((-10)/7)/((-1)/7). Suppose 5*v + 22 = 3*r, -3*v + 6*r - r = w. Let b(k) = -3*k - 5. Calculate b(v).
10
Let h = -17 + 22. Suppose 5*m = -h*l + 45, 4*m = -l - l + 28. Let i(x) = -7*x + 4 + 4*x**2 + x**2 - 4*x**2. Determine i(l).
-8
Let o = -26 - -28. Let q(p) = -p + 4. Let u(s) = 3*s - 11. Let r(v) = -17*q(v) - 6*u(v). Give r(o).
-4
Let z(p) = 4*p - 4. Let d(q) = 5*q + 17. Let o be d(-5). Let y = 4 - o. Suppose -3*a = -f + y, f - a = -0*f + 6. Determine z(f).
8
Suppose t = 11 - 14. Let k(w) = -w - 3. Calculate k(t).
0
Suppose 0 = 3*f - 40 - 2. Let x = 5 + -14. Let c = f + x. Let s(p) = p - 8. What is s(c)?
-3
Suppose 15*h - 19*h + 24 = 0. Let n(q) = -11 + h + 13 - 2*q + 5*q. Give n(-7).
-13
Let i = -28 - -31. Let b(y) = -1 + 8*y - i*y - 5 + 3. What is b(-3)?
-18
Let c(w) = 8*w**2 + 279*w - 21. Let p be c(-35). Let n(k) = -k**3 + 14*k**2 - k - 20. Determine n(p).
-34
Let m(i) = -i - 7. Let j be m(-5). Let z(l) = 26*l + 83. Let y(p) = 5*p + 15. Let q(h) = -11*y(h) + 2*z(h). Calculate q(j).
7
Let j(v) = 1201 + v - 1203 - 5*v**2 + 2*v**2 + v**3. Calculate j(2).
-4
Suppose 3*g = 9*g. Let v(y) be the first derivative of -y**4/4 + y**3/3 - 13*y + 34. Give v(g).
-13
Suppose -2*j - 3*j + 20 = 0. Let r = -6 + j. Let g(i) = -2*i**2 + 2*i**3 - 2*i**2 + 4*i**2 + 2*i**2 - 3 - 3*i. Calculate g(r).
-5
Let r be 9/(-6)*4 + 1. Let q(m) = m**3 + 3*m**2 - 4*m - 1. Determine q(r).
-31
Let r be 6200/372 - (-2)/(-3). Let h(i) = -i**3 + 17*i**2 - 15*i - 1. Calculate h(r).
15
Let v(q) = -q**3 + q**2 + 4*q - 2. Let c be 10/60 - 14/12. Let g = c + -5. Let b be (g/(-2))/(-1 - -2). What is v(b)?
-8
Let y(t) = t**3 - 2*t**2 + t + 4. Suppose -138*m + 135 = -93*m. What is y(m)?
16
Let v(m) = 13*m**3 - m**2. Let x(l) = 3*l**3 - 1. Let o(s) = -v(s) + x(s). Determine o(-1).
10
Let o = -29 + 29. Let u(f) = 2*f**3 - f**3 + f**2 + 0*f**3 - 1 + o*f**3. Calculate u(1).
1
Suppose -16 + 22 = -3*b. Let h = 1 + b. Let x(a) = 5*a. Determine x(h).
-5
Suppose 5*q = -71 + 1. Let i(f) = f**3 + 15*f**2 + 11*f - 45. What is i(q)?
-3
Let r(g) = -23*g - 61. Let d(q) = 22*q + 73. Let o(u) = 5*d(u) + 6*r(u). Determine o(1).
-29
Let k(a) = 3*a**3 - 21*a**2 - 2*a + 8. Let u be k(7). Let z(c) = c**3 + 7*c**2 + 8*c + 6. Give z(u).
-6
Suppose 12 = -j - 2*j. Let v be j/1 + 0/3. Let b(s) = 7*s**2 + 2*s + 4 + 2*s - 5*s**2 - s**2. What is b(v)?
4
Let u = 0 + -8. Let j(k) = k**2 + 9*k + 5. Let p be j(-6). Let f = u - p. Let b(i) = 3*i - 7. What is b(f)?
8
Let x(j) = j**2 + 1. Let m = -28 + 25. Let b = 5 + m. Determine x(b).
5
Suppose -3*s + 2*r - r - 12 = 0, -5*s - 13 = -4*r. Suppose 3*a = -5*m + 15, 3*m + 4*a - 9 = -0*a. Let j(g) = m + g**2 + 0*g + 6*g - 1. Determine j(s).
-3
Let d(l) = 